{"id":101,"date":"2017-09-03T13:07:44","date_gmt":"2017-09-03T12:07:44","guid":{"rendered":"https:\/\/imprimepopulaire.wordpress.com\/?page_id=101"},"modified":"2024-07-11T16:19:16","modified_gmt":"2024-07-11T14:19:16","slug":"nos-ateliers","status":"publish","type":"page","link":"http:\/\/imprimepopulaire.fr\/?page_id=101","title":{"rendered":"NOS ATELIERS"},"content":{"rendered":"<p>Nos ateliers<\/p>\n<div style=\"background-color: #ffffff;\">Faire avec 3 bouts de ficelle est un cadre magnifique pour s&rsquo;interroger sur les techniques, en comprendre les m\u00e9canismes et innover.<br \/>\nNos ateliers ont cet objectif : rendre les choses accessibles, compr\u00e9hensibles, pour d\u00e9velopper l&rsquo;envie de faire soi-m\u00eame !<\/p>\n<div><\/div>\n<div><\/div>\n<div><img loading=\"lazy\" decoding=\"async\" class=\" size-full wp-image-134 aligncenter\" src=\"https:\/\/imprimepopulaire.files.wordpress.com\/2017\/09\/carre_seri_50.png\" alt=\"carre_seri_50\" width=\"50\" height=\"50\" \/><\/div>\n<div><\/div>\n<div style=\"background-color: #ffffff;\">\n<h2>Nos th\u00e9matiques<\/h2>\n<h3>S\u00e9rigraphie<\/h3>\n<p><img loading=\"lazy\" decoding=\"async\" class=\"alignnone size-full wp-image-266\" src=\"https:\/\/imprimepopulaire.files.wordpress.com\/2017\/09\/atelier_seri.png\" alt=\"atelier_seri\" width=\"1000\" height=\"660\" \/><\/p>\n<h3>gravure<\/h3>\n<p><img loading=\"lazy\" decoding=\"async\" class=\"alignnone size-full wp-image-267\" src=\"https:\/\/imprimepopulaire.files.wordpress.com\/2017\/09\/atelier_ttpk.png\" alt=\"atelier_ttpk\" width=\"1000\" height=\"678\" \/><\/p>\n<h3>Fanzine<\/h3>\n<p><img loading=\"lazy\" decoding=\"async\" class=\"alignnone size-full wp-image-268\" src=\"https:\/\/imprimepopulaire.files.wordpress.com\/2017\/09\/atelier_fanzine.png\" alt=\"atelier_fanzine\" width=\"1000\" height=\"663\" \/><\/p>\n<h2>Les diff\u00e9rentes formes d&rsquo;atelier<\/h2>\n<\/div>\n<div style=\"background-color: #ffffff;\">\n<h3>Atelier D\u00c9MO<\/h3>\n<p>Lors de vos \u00e9v\u00e8nements permettre au public de d\u00e9couvrir une technique en imprimant un motif standard<\/p>\n<\/div>\n<p><img loading=\"lazy\" decoding=\"async\" class=\"alignnone size-full wp-image-127\" src=\"https:\/\/imprimepopulaire.files.wordpress.com\/2017\/09\/demo.png\" alt=\"demo\" width=\"1000\" height=\"456\" \/><\/p>\n<div style=\"background-color: #ffffff;\">\n<h3>Atelier D\u00c9COUVERTE<\/h3>\n<p>Lors d&rsquo;une session de 2h en groupe (moins de 10 personnes) permettre \u00e0 chacun de comprendre la technique en dessinant son propre motif et en l&rsquo;imprimant<\/p>\n<\/div>\n<p><img loading=\"lazy\" decoding=\"async\" class=\"alignnone size-full wp-image-128\" src=\"https:\/\/imprimepopulaire.files.wordpress.com\/2017\/09\/decouverte.png\" alt=\"decouverte\" width=\"1000\" height=\"667\" \/><\/p>\n<div style=\"background-color: #ffffff;\">\n<h3>Atelier PRODUCTION<\/h3>\n<p>Venez \u00e0 notre local (paris 20\u00e8me) apprendre et r\u00e9aliser vos propres productions sur une ou plusieurs sessions.<\/p>\n<\/div>\n<\/div>\n","protected":false},"excerpt":{"rendered":"<p>Nos ateliers Faire avec 3 bouts de ficelle est un cadre magnifique pour s&rsquo;interroger sur les techniques, en comprendre les m\u00e9canismes et innover. Nos ateliers ont cet objectif : rendre les choses accessibles, compr\u00e9hensibles, pour d\u00e9velopper l&rsquo;envie de faire soi-m\u00eame ! Nos th\u00e9matiques S\u00e9rigraphie gravure Fanzine Les diff\u00e9rentes formes d&rsquo;atelier Atelier D\u00c9MO Lors de vos &hellip; <a href=\"http:\/\/imprimepopulaire.fr\/?page_id=101\" class=\"more-link\">Continue reading <span class=\"screen-reader-text\">NOS ATELIERS<\/span> <span class=\"meta-nav\">&rarr;<\/span><\/a><\/p>\n","protected":false},"author":1,"featured_media":931,"parent":0,"menu_order":3,"comment_status":"closed","ping_status":"closed","template":"","meta":{"footnotes":""},"class_list":["post-101","page","type-page","status-publish","has-post-thumbnail","hentry"],"yoast_head":"<!-- This site is optimized with the Yoast SEO plugin v26.0 - https:\/\/yoast.com\/wordpress\/plugins\/seo\/ -->\n<title>NOS ATELIERS - Les amis de l&#039;Imprim\u00e9 Populaire<\/title>\n<meta name=\"robots\" content=\"index, follow, max-snippet:-1, max-image-preview:large, max-video-preview:-1\" \/>\n<link rel=\"canonical\" href=\"https:\/\/imprimepopulaire.fr\/?page_id=101\" \/>\n<meta property=\"og:locale\" content=\"fr_FR\" \/>\n<meta property=\"og:type\" content=\"article\" \/>\n<meta property=\"og:title\" content=\"NOS ATELIERS - Les amis de l&#039;Imprim\u00e9 Populaire\" \/>\n<meta property=\"og:description\" content=\"Nos ateliers Faire avec 3 bouts de ficelle est un cadre magnifique pour s&rsquo;interroger sur les techniques, en comprendre les m\u00e9canismes et innover. Nos ateliers ont cet objectif : rendre les choses accessibles, compr\u00e9hensibles, pour d\u00e9velopper l&rsquo;envie de faire soi-m\u00eame ! Nos th\u00e9matiques S\u00e9rigraphie gravure Fanzine Les diff\u00e9rentes formes d&rsquo;atelier Atelier D\u00c9MO Lors de vos &hellip; Continue reading NOS ATELIERS &rarr;\" \/>\n<meta property=\"og:url\" content=\"https:\/\/imprimepopulaire.fr\/?page_id=101\" \/>\n<meta property=\"og:site_name\" content=\"Les amis de l&#039;Imprim\u00e9 Populaire\" \/>\n<meta property=\"article:modified_time\" content=\"2024-07-11T14:19:16+00:00\" \/>\n<meta property=\"og:image\" content=\"https:\/\/imprimepopulaire.fr\/wp-content\/uploads\/2019\/12\/header_atelier-1024x614.png\" \/>\n\t<meta property=\"og:image:width\" content=\"1024\" \/>\n\t<meta property=\"og:image:height\" content=\"614\" \/>\n\t<meta property=\"og:image:type\" content=\"image\/png\" \/>\n<meta name=\"twitter:card\" content=\"summary_large_image\" \/>\n<meta name=\"twitter:label1\" content=\"Dur\u00e9e de lecture estim\u00e9e\" \/>\n\t<meta name=\"twitter:data1\" content=\"1 minute\" \/>\n<script type=\"application\/ld+json\" class=\"yoast-schema-graph\">{\"@context\":\"https:\/\/schema.org\",\"@graph\":[{\"@type\":\"WebPage\",\"@id\":\"https:\/\/imprimepopulaire.fr\/?page_id=101\",\"url\":\"https:\/\/imprimepopulaire.fr\/?page_id=101\",\"name\":\"NOS ATELIERS - Les amis de l&#039;Imprim\u00e9 Populaire\",\"isPartOf\":{\"@id\":\"https:\/\/imprimepopulaire.fr\/#website\"},\"primaryImageOfPage\":{\"@id\":\"https:\/\/imprimepopulaire.fr\/?page_id=101#primaryimage\"},\"image\":{\"@id\":\"https:\/\/imprimepopulaire.fr\/?page_id=101#primaryimage\"},\"thumbnailUrl\":\"http:\/\/imprimepopulaire.fr\/wp-content\/uploads\/2019\/12\/header_atelier.png\",\"datePublished\":\"2017-09-03T12:07:44+00:00\",\"dateModified\":\"2024-07-11T14:19:16+00:00\",\"breadcrumb\":{\"@id\":\"https:\/\/imprimepopulaire.fr\/?page_id=101#breadcrumb\"},\"inLanguage\":\"fr-FR\",\"potentialAction\":[{\"@type\":\"ReadAction\",\"target\":[\"https:\/\/imprimepopulaire.fr\/?page_id=101\"]}]},{\"@type\":\"ImageObject\",\"inLanguage\":\"fr-FR\",\"@id\":\"https:\/\/imprimepopulaire.fr\/?page_id=101#primaryimage\",\"url\":\"http:\/\/imprimepopulaire.fr\/wp-content\/uploads\/2019\/12\/header_atelier.png\",\"contentUrl\":\"http:\/\/imprimepopulaire.fr\/wp-content\/uploads\/2019\/12\/header_atelier.png\",\"width\":2000,\"height\":1200},{\"@type\":\"BreadcrumbList\",\"@id\":\"https:\/\/imprimepopulaire.fr\/?page_id=101#breadcrumb\",\"itemListElement\":[{\"@type\":\"ListItem\",\"position\":1,\"name\":\"Accueil\",\"item\":\"https:\/\/imprimepopulaire.fr\/\"},{\"@type\":\"ListItem\",\"position\":2,\"name\":\"NOS ATELIERS\"}]},{\"@type\":\"WebSite\",\"@id\":\"https:\/\/imprimepopulaire.fr\/#website\",\"url\":\"https:\/\/imprimepopulaire.fr\/\",\"name\":\"Les amis de l&#039;Imprim\u00e9 Populaire\",\"description\":\"\",\"publisher\":{\"@id\":\"https:\/\/imprimepopulaire.fr\/#organization\"},\"potentialAction\":[{\"@type\":\"SearchAction\",\"target\":{\"@type\":\"EntryPoint\",\"urlTemplate\":\"https:\/\/imprimepopulaire.fr\/?s={search_term_string}\"},\"query-input\":{\"@type\":\"PropertyValueSpecification\",\"valueRequired\":true,\"valueName\":\"search_term_string\"}}],\"inLanguage\":\"fr-FR\"},{\"@type\":\"Organization\",\"@id\":\"https:\/\/imprimepopulaire.fr\/#organization\",\"name\":\"Les amis de l&#039;Imprim\u00e9 Populaire\",\"url\":\"https:\/\/imprimepopulaire.fr\/\",\"logo\":{\"@type\":\"ImageObject\",\"inLanguage\":\"fr-FR\",\"@id\":\"https:\/\/imprimepopulaire.fr\/#\/schema\/logo\/image\/\",\"url\":\"http:\/\/imprimepopulaire.fr\/wp-content\/uploads\/2019\/12\/cropped-logo4_av_slogan-1.png\",\"contentUrl\":\"http:\/\/imprimepopulaire.fr\/wp-content\/uploads\/2019\/12\/cropped-logo4_av_slogan-1.png\",\"width\":1008,\"height\":400,\"caption\":\"Les amis de l&#039;Imprim\u00e9 Populaire\"},\"image\":{\"@id\":\"https:\/\/imprimepopulaire.fr\/#\/schema\/logo\/image\/\"}}]}<\/script>\n<!-- \/ Yoast SEO plugin. -->","yoast_head_json":{"title":"NOS ATELIERS - Les amis de l&#039;Imprim\u00e9 Populaire","robots":{"index":"index","follow":"follow","max-snippet":"max-snippet:-1","max-image-preview":"max-image-preview:large","max-video-preview":"max-video-preview:-1"},"canonical":"https:\/\/imprimepopulaire.fr\/?page_id=101","og_locale":"fr_FR","og_type":"article","og_title":"NOS ATELIERS - Les amis de l&#039;Imprim\u00e9 Populaire","og_description":"Nos ateliers Faire avec 3 bouts de ficelle est un cadre magnifique pour s&rsquo;interroger sur les techniques, en comprendre les m\u00e9canismes et innover. Nos ateliers ont cet objectif : rendre les choses accessibles, compr\u00e9hensibles, pour d\u00e9velopper l&rsquo;envie de faire soi-m\u00eame ! Nos th\u00e9matiques S\u00e9rigraphie gravure Fanzine Les diff\u00e9rentes formes d&rsquo;atelier Atelier D\u00c9MO Lors de vos &hellip; Continue reading NOS ATELIERS &rarr;","og_url":"https:\/\/imprimepopulaire.fr\/?page_id=101","og_site_name":"Les amis de l&#039;Imprim\u00e9 Populaire","article_modified_time":"2024-07-11T14:19:16+00:00","og_image":[{"width":1024,"height":614,"url":"https:\/\/imprimepopulaire.fr\/wp-content\/uploads\/2019\/12\/header_atelier-1024x614.png","type":"image\/png"}],"twitter_card":"summary_large_image","twitter_misc":{"Dur\u00e9e de lecture estim\u00e9e":"1 minute"},"schema":{"@context":"https:\/\/schema.org","@graph":[{"@type":"WebPage","@id":"https:\/\/imprimepopulaire.fr\/?page_id=101","url":"https:\/\/imprimepopulaire.fr\/?page_id=101","name":"NOS ATELIERS - Les amis de l&#039;Imprim\u00e9 Populaire","isPartOf":{"@id":"https:\/\/imprimepopulaire.fr\/#website"},"primaryImageOfPage":{"@id":"https:\/\/imprimepopulaire.fr\/?page_id=101#primaryimage"},"image":{"@id":"https:\/\/imprimepopulaire.fr\/?page_id=101#primaryimage"},"thumbnailUrl":"http:\/\/imprimepopulaire.fr\/wp-content\/uploads\/2019\/12\/header_atelier.png","datePublished":"2017-09-03T12:07:44+00:00","dateModified":"2024-07-11T14:19:16+00:00","breadcrumb":{"@id":"https:\/\/imprimepopulaire.fr\/?page_id=101#breadcrumb"},"inLanguage":"fr-FR","potentialAction":[{"@type":"ReadAction","target":["https:\/\/imprimepopulaire.fr\/?page_id=101"]}]},{"@type":"ImageObject","inLanguage":"fr-FR","@id":"https:\/\/imprimepopulaire.fr\/?page_id=101#primaryimage","url":"http:\/\/imprimepopulaire.fr\/wp-content\/uploads\/2019\/12\/header_atelier.png","contentUrl":"http:\/\/imprimepopulaire.fr\/wp-content\/uploads\/2019\/12\/header_atelier.png","width":2000,"height":1200},{"@type":"BreadcrumbList","@id":"https:\/\/imprimepopulaire.fr\/?page_id=101#breadcrumb","itemListElement":[{"@type":"ListItem","position":1,"name":"Accueil","item":"https:\/\/imprimepopulaire.fr\/"},{"@type":"ListItem","position":2,"name":"NOS ATELIERS"}]},{"@type":"WebSite","@id":"https:\/\/imprimepopulaire.fr\/#website","url":"https:\/\/imprimepopulaire.fr\/","name":"Les amis de l&#039;Imprim\u00e9 Populaire","description":"","publisher":{"@id":"https:\/\/imprimepopulaire.fr\/#organization"},"potentialAction":[{"@type":"SearchAction","target":{"@type":"EntryPoint","urlTemplate":"https:\/\/imprimepopulaire.fr\/?s={search_term_string}"},"query-input":{"@type":"PropertyValueSpecification","valueRequired":true,"valueName":"search_term_string"}}],"inLanguage":"fr-FR"},{"@type":"Organization","@id":"https:\/\/imprimepopulaire.fr\/#organization","name":"Les amis de l&#039;Imprim\u00e9 Populaire","url":"https:\/\/imprimepopulaire.fr\/","logo":{"@type":"ImageObject","inLanguage":"fr-FR","@id":"https:\/\/imprimepopulaire.fr\/#\/schema\/logo\/image\/","url":"http:\/\/imprimepopulaire.fr\/wp-content\/uploads\/2019\/12\/cropped-logo4_av_slogan-1.png","contentUrl":"http:\/\/imprimepopulaire.fr\/wp-content\/uploads\/2019\/12\/cropped-logo4_av_slogan-1.png","width":1008,"height":400,"caption":"Les amis de l&#039;Imprim\u00e9 Populaire"},"image":{"@id":"https:\/\/imprimepopulaire.fr\/#\/schema\/logo\/image\/"}}]}},"jetpack_sharing_enabled":true,"_links":{"self":[{"href":"http:\/\/imprimepopulaire.fr\/index.php?rest_route=\/wp\/v2\/pages\/101","targetHints":{"allow":["GET"]}}],"collection":[{"href":"http:\/\/imprimepopulaire.fr\/index.php?rest_route=\/wp\/v2\/pages"}],"about":[{"href":"http:\/\/imprimepopulaire.fr\/index.php?rest_route=\/wp\/v2\/types\/page"}],"author":[{"embeddable":true,"href":"http:\/\/imprimepopulaire.fr\/index.php?rest_route=\/wp\/v2\/users\/1"}],"replies":[{"embeddable":true,"href":"http:\/\/imprimepopulaire.fr\/index.php?rest_route=%2Fwp%2Fv2%2Fcomments&post=101"}],"version-history":[{"count":2,"href":"http:\/\/imprimepopulaire.fr\/index.php?rest_route=\/wp\/v2\/pages\/101\/revisions"}],"predecessor-version":[{"id":1152,"href":"http:\/\/imprimepopulaire.fr\/index.php?rest_route=\/wp\/v2\/pages\/101\/revisions\/1152"}],"wp:featuredmedia":[{"embeddable":true,"href":"http:\/\/imprimepopulaire.fr\/index.php?rest_route=\/wp\/v2\/media\/931"}],"wp:attachment":[{"href":"http:\/\/imprimepopulaire.fr\/index.php?rest_route=%2Fwp%2Fv2%2Fmedia&parent=101"}],"curies":[{"name":"wp","href":"https:\/\/api.w.org\/{rel}","templated":true}]}}