{"id":1497,"date":"2025-05-06T18:33:09","date_gmt":"2025-05-06T16:33:09","guid":{"rendered":"https:\/\/imprimepopulaire.fr\/?page_id=1497"},"modified":"2025-06-29T12:22:52","modified_gmt":"2025-06-29T10:22:52","slug":"imprimer-marron","status":"publish","type":"page","link":"http:\/\/imprimepopulaire.fr\/?page_id=1497","title":{"rendered":"Imprimer Marron"},"content":{"rendered":"\n<p>L&rsquo;imprim\u00e9 populaire \u00e0 l&rsquo;\u00eele de La R\u00e9union<br><\/p>\n\n\n\n<p><strong>Au sommaire <\/strong><br><strong>     Imprimer pour l&rsquo;\u00eele<\/strong><br>&#8211; Des journaux clandestins<br>&#8211; De la litt\u00e9rature de colportage \u00e0 La R\u00e9union ?<br>&#8211; L&rsquo;\u00e9criture d&rsquo;une identit\u00e9 r\u00e9unionnaise<br>&#8211; Les revues litt\u00e9raires r\u00e9unionnaises<br>&#8211; Les journaux lyc\u00e9ens<br>&#8211; Le Cri du Margouillat<br>&#8211; Jouer avec le tract de manif&rsquo;<br><strong>     Imprimer des expressions singuli\u00e8res<\/strong><br>&#8211; La R\u00e9union, terre de bande dessin\u00e9e<br>&#8211; Le Br\u00fble-Gueule, le journal d&rsquo;un m\u00e9content<br>&#8211; Point technique : l&rsquo;eau-forte<br>&#8211; Quand un cuisinier imprime<br>     Bidouiller pour imprimer<br>&#8211; La laborieuse arriv\u00e9e de l&rsquo;imprimerie sur l&rsquo;\u00eele<br>&#8211; L&rsquo;imprimerie des Trois Salazes<br>&#8211; Les Francs-cr\u00e9oles : penser et le faire savoir<br>&#8211; Point technique : Une presse avec un fangourin ?<br>&#8211; La l\u00e9gende de Roussin<br>&#8211; V\u00e9g\u00e9talitec : papier p\u00e9o.<br>     <strong>Conclusion<\/strong><br>&#8211; La biblioth\u00e8que d\u00e9partementale<br><\/p>\n\n\n\n<p><strong>Disponible en version papier<\/strong><br>Prix de vente de la version imprim\u00e9e : 22\u20ac + 7\u20ac de frais de port<br>Pour commandez, envoyez-nous un mail : lesamis@imprimepopulaire.fr  <\/p>\n\n\n\n<p><strong>Consultable en ligne <\/strong><br><a href=\"http:\/\/imprimepopulaire.fr\/wp-content\/uploads\/2025\/06\/imprimarron_v_lecture_29062025.pdf\">En cliquant ici.<\/a><\/p>\n\n\n\n<figure class=\"wp-block-image size-large\"><img loading=\"lazy\" decoding=\"async\" width=\"722\" height=\"1024\" src=\"https:\/\/imprimepopulaire.fr\/wp-content\/uploads\/2025\/05\/imprimarron_couv-1-722x1024.jpg\" alt=\"\" class=\"wp-image-1514\" srcset=\"http:\/\/imprimepopulaire.fr\/wp-content\/uploads\/2025\/05\/imprimarron_couv-1-722x1024.jpg 722w, http:\/\/imprimepopulaire.fr\/wp-content\/uploads\/2025\/05\/imprimarron_couv-1-211x300.jpg 211w, http:\/\/imprimepopulaire.fr\/wp-content\/uploads\/2025\/05\/imprimarron_couv-1-768x1090.jpg 768w, http:\/\/imprimepopulaire.fr\/wp-content\/uploads\/2025\/05\/imprimarron_couv-1-1083x1536.jpg 1083w, http:\/\/imprimepopulaire.fr\/wp-content\/uploads\/2025\/05\/imprimarron_couv-1-1444x2048.jpg 1444w, http:\/\/imprimepopulaire.fr\/wp-content\/uploads\/2025\/05\/imprimarron_couv-1-700x993.jpg 700w, http:\/\/imprimepopulaire.fr\/wp-content\/uploads\/2025\/05\/imprimarron_couv-1-282x400.jpg 282w, http:\/\/imprimepopulaire.fr\/wp-content\/uploads\/2025\/05\/imprimarron_couv-1-1320x1873.jpg 1320w, http:\/\/imprimepopulaire.fr\/wp-content\/uploads\/2025\/05\/imprimarron_couv-1.jpg 1748w\" sizes=\"auto, (max-width: 722px) 100vw, 722px\" \/><\/figure>\n","protected":false},"excerpt":{"rendered":"<p>L&rsquo;imprim\u00e9 populaire \u00e0 l&rsquo;\u00eele de La R\u00e9union Au sommaire Imprimer pour l&rsquo;\u00eele&#8211; Des journaux clandestins&#8211; De la litt\u00e9rature de colportage \u00e0 La R\u00e9union ?&#8211; L&rsquo;\u00e9criture d&rsquo;une identit\u00e9 r\u00e9unionnaise&#8211; Les revues litt\u00e9raires r\u00e9unionnaises&#8211; Les journaux lyc\u00e9ens&#8211; Le Cri du Margouillat&#8211; Jouer avec le tract de manif&rsquo; Imprimer des expressions singuli\u00e8res&#8211; La R\u00e9union, terre de bande dessin\u00e9e&#8211; &hellip; <a href=\"http:\/\/imprimepopulaire.fr\/?page_id=1497\" class=\"more-link\">Continue reading <span class=\"screen-reader-text\">Imprimer Marron<\/span> <span class=\"meta-nav\">&rarr;<\/span><\/a><\/p>\n","protected":false},"author":1,"featured_media":0,"parent":0,"menu_order":0,"comment_status":"closed","ping_status":"closed","template":"","meta":{"footnotes":""},"class_list":["post-1497","page","type-page","status-publish","hentry"],"yoast_head":"<!-- This site is optimized with the Yoast SEO plugin v26.0 - https:\/\/yoast.com\/wordpress\/plugins\/seo\/ -->\n<title>Imprimer Marron - Les amis de l&#039;Imprim\u00e9 Populaire<\/title>\n<meta name=\"robots\" content=\"index, follow, max-snippet:-1, max-image-preview:large, max-video-preview:-1\" \/>\n<link rel=\"canonical\" href=\"http:\/\/imprimepopulaire.fr\/?page_id=1497\" \/>\n<meta property=\"og:locale\" content=\"fr_FR\" \/>\n<meta property=\"og:type\" content=\"article\" \/>\n<meta property=\"og:title\" content=\"Imprimer Marron - Les amis de l&#039;Imprim\u00e9 Populaire\" \/>\n<meta property=\"og:description\" content=\"L&rsquo;imprim\u00e9 populaire \u00e0 l&rsquo;\u00eele de La R\u00e9union Au sommaire Imprimer pour l&rsquo;\u00eele&#8211; Des journaux clandestins&#8211; De la litt\u00e9rature de colportage \u00e0 La R\u00e9union ?&#8211; L&rsquo;\u00e9criture d&rsquo;une identit\u00e9 r\u00e9unionnaise&#8211; Les revues litt\u00e9raires r\u00e9unionnaises&#8211; Les journaux lyc\u00e9ens&#8211; Le Cri du Margouillat&#8211; Jouer avec le tract de manif&rsquo; Imprimer des expressions singuli\u00e8res&#8211; La R\u00e9union, terre de bande dessin\u00e9e&#8211; &hellip; Continue reading Imprimer Marron &rarr;\" \/>\n<meta property=\"og:url\" content=\"http:\/\/imprimepopulaire.fr\/?page_id=1497\" \/>\n<meta property=\"og:site_name\" content=\"Les amis de l&#039;Imprim\u00e9 Populaire\" \/>\n<meta property=\"article:modified_time\" content=\"2025-06-29T10:22:52+00:00\" \/>\n<meta property=\"og:image\" content=\"https:\/\/imprimepopulaire.fr\/wp-content\/uploads\/2025\/05\/imprimarron_couv-1-722x1024.jpg\" \/>\n<meta name=\"twitter:card\" content=\"summary_large_image\" \/>\n<meta name=\"twitter:label1\" content=\"Dur\u00e9e de lecture estim\u00e9e\" \/>\n\t<meta name=\"twitter:data1\" content=\"1 minute\" \/>\n<script type=\"application\/ld+json\" class=\"yoast-schema-graph\">{\"@context\":\"https:\/\/schema.org\",\"@graph\":[{\"@type\":\"WebPage\",\"@id\":\"http:\/\/imprimepopulaire.fr\/?page_id=1497\",\"url\":\"http:\/\/imprimepopulaire.fr\/?page_id=1497\",\"name\":\"Imprimer Marron - Les amis de l&#039;Imprim\u00e9 Populaire\",\"isPartOf\":{\"@id\":\"https:\/\/imprimepopulaire.fr\/#website\"},\"primaryImageOfPage\":{\"@id\":\"http:\/\/imprimepopulaire.fr\/?page_id=1497#primaryimage\"},\"image\":{\"@id\":\"http:\/\/imprimepopulaire.fr\/?page_id=1497#primaryimage\"},\"thumbnailUrl\":\"https:\/\/imprimepopulaire.fr\/wp-content\/uploads\/2025\/05\/imprimarron_couv-1-722x1024.jpg\",\"datePublished\":\"2025-05-06T16:33:09+00:00\",\"dateModified\":\"2025-06-29T10:22:52+00:00\",\"breadcrumb\":{\"@id\":\"http:\/\/imprimepopulaire.fr\/?page_id=1497#breadcrumb\"},\"inLanguage\":\"fr-FR\",\"potentialAction\":[{\"@type\":\"ReadAction\",\"target\":[\"http:\/\/imprimepopulaire.fr\/?page_id=1497\"]}]},{\"@type\":\"ImageObject\",\"inLanguage\":\"fr-FR\",\"@id\":\"http:\/\/imprimepopulaire.fr\/?page_id=1497#primaryimage\",\"url\":\"http:\/\/imprimepopulaire.fr\/wp-content\/uploads\/2025\/05\/imprimarron_couv-1.jpg\",\"contentUrl\":\"http:\/\/imprimepopulaire.fr\/wp-content\/uploads\/2025\/05\/imprimarron_couv-1.jpg\",\"width\":1748,\"height\":2480},{\"@type\":\"BreadcrumbList\",\"@id\":\"http:\/\/imprimepopulaire.fr\/?page_id=1497#breadcrumb\",\"itemListElement\":[{\"@type\":\"ListItem\",\"position\":1,\"name\":\"Accueil\",\"item\":\"https:\/\/imprimepopulaire.fr\/\"},{\"@type\":\"ListItem\",\"position\":2,\"name\":\"Imprimer Marron\"}]},{\"@type\":\"WebSite\",\"@id\":\"https:\/\/imprimepopulaire.fr\/#website\",\"url\":\"https:\/\/imprimepopulaire.fr\/\",\"name\":\"Les amis de l&#039;Imprim\u00e9 Populaire\",\"description\":\"\",\"publisher\":{\"@id\":\"https:\/\/imprimepopulaire.fr\/#organization\"},\"potentialAction\":[{\"@type\":\"SearchAction\",\"target\":{\"@type\":\"EntryPoint\",\"urlTemplate\":\"https:\/\/imprimepopulaire.fr\/?s={search_term_string}\"},\"query-input\":{\"@type\":\"PropertyValueSpecification\",\"valueRequired\":true,\"valueName\":\"search_term_string\"}}],\"inLanguage\":\"fr-FR\"},{\"@type\":\"Organization\",\"@id\":\"https:\/\/imprimepopulaire.fr\/#organization\",\"name\":\"Les amis de l&#039;Imprim\u00e9 Populaire\",\"url\":\"https:\/\/imprimepopulaire.fr\/\",\"logo\":{\"@type\":\"ImageObject\",\"inLanguage\":\"fr-FR\",\"@id\":\"https:\/\/imprimepopulaire.fr\/#\/schema\/logo\/image\/\",\"url\":\"http:\/\/imprimepopulaire.fr\/wp-content\/uploads\/2019\/12\/cropped-logo4_av_slogan-1.png\",\"contentUrl\":\"http:\/\/imprimepopulaire.fr\/wp-content\/uploads\/2019\/12\/cropped-logo4_av_slogan-1.png\",\"width\":1008,\"height\":400,\"caption\":\"Les amis de l&#039;Imprim\u00e9 Populaire\"},\"image\":{\"@id\":\"https:\/\/imprimepopulaire.fr\/#\/schema\/logo\/image\/\"}}]}<\/script>\n<!-- \/ Yoast SEO plugin. -->","yoast_head_json":{"title":"Imprimer Marron - Les amis de l&#039;Imprim\u00e9 Populaire","robots":{"index":"index","follow":"follow","max-snippet":"max-snippet:-1","max-image-preview":"max-image-preview:large","max-video-preview":"max-video-preview:-1"},"canonical":"http:\/\/imprimepopulaire.fr\/?page_id=1497","og_locale":"fr_FR","og_type":"article","og_title":"Imprimer Marron - Les amis de l&#039;Imprim\u00e9 Populaire","og_description":"L&rsquo;imprim\u00e9 populaire \u00e0 l&rsquo;\u00eele de La R\u00e9union Au sommaire Imprimer pour l&rsquo;\u00eele&#8211; Des journaux clandestins&#8211; De la litt\u00e9rature de colportage \u00e0 La R\u00e9union ?&#8211; L&rsquo;\u00e9criture d&rsquo;une identit\u00e9 r\u00e9unionnaise&#8211; Les revues litt\u00e9raires r\u00e9unionnaises&#8211; Les journaux lyc\u00e9ens&#8211; Le Cri du Margouillat&#8211; Jouer avec le tract de manif&rsquo; Imprimer des expressions singuli\u00e8res&#8211; La R\u00e9union, terre de bande dessin\u00e9e&#8211; &hellip; Continue reading Imprimer Marron &rarr;","og_url":"http:\/\/imprimepopulaire.fr\/?page_id=1497","og_site_name":"Les amis de l&#039;Imprim\u00e9 Populaire","article_modified_time":"2025-06-29T10:22:52+00:00","og_image":[{"url":"https:\/\/imprimepopulaire.fr\/wp-content\/uploads\/2025\/05\/imprimarron_couv-1-722x1024.jpg","type":"","width":"","height":""}],"twitter_card":"summary_large_image","twitter_misc":{"Dur\u00e9e de lecture estim\u00e9e":"1 minute"},"schema":{"@context":"https:\/\/schema.org","@graph":[{"@type":"WebPage","@id":"http:\/\/imprimepopulaire.fr\/?page_id=1497","url":"http:\/\/imprimepopulaire.fr\/?page_id=1497","name":"Imprimer Marron - Les amis de l&#039;Imprim\u00e9 Populaire","isPartOf":{"@id":"https:\/\/imprimepopulaire.fr\/#website"},"primaryImageOfPage":{"@id":"http:\/\/imprimepopulaire.fr\/?page_id=1497#primaryimage"},"image":{"@id":"http:\/\/imprimepopulaire.fr\/?page_id=1497#primaryimage"},"thumbnailUrl":"https:\/\/imprimepopulaire.fr\/wp-content\/uploads\/2025\/05\/imprimarron_couv-1-722x1024.jpg","datePublished":"2025-05-06T16:33:09+00:00","dateModified":"2025-06-29T10:22:52+00:00","breadcrumb":{"@id":"http:\/\/imprimepopulaire.fr\/?page_id=1497#breadcrumb"},"inLanguage":"fr-FR","potentialAction":[{"@type":"ReadAction","target":["http:\/\/imprimepopulaire.fr\/?page_id=1497"]}]},{"@type":"ImageObject","inLanguage":"fr-FR","@id":"http:\/\/imprimepopulaire.fr\/?page_id=1497#primaryimage","url":"http:\/\/imprimepopulaire.fr\/wp-content\/uploads\/2025\/05\/imprimarron_couv-1.jpg","contentUrl":"http:\/\/imprimepopulaire.fr\/wp-content\/uploads\/2025\/05\/imprimarron_couv-1.jpg","width":1748,"height":2480},{"@type":"BreadcrumbList","@id":"http:\/\/imprimepopulaire.fr\/?page_id=1497#breadcrumb","itemListElement":[{"@type":"ListItem","position":1,"name":"Accueil","item":"https:\/\/imprimepopulaire.fr\/"},{"@type":"ListItem","position":2,"name":"Imprimer Marron"}]},{"@type":"WebSite","@id":"https:\/\/imprimepopulaire.fr\/#website","url":"https:\/\/imprimepopulaire.fr\/","name":"Les amis de l&#039;Imprim\u00e9 Populaire","description":"","publisher":{"@id":"https:\/\/imprimepopulaire.fr\/#organization"},"potentialAction":[{"@type":"SearchAction","target":{"@type":"EntryPoint","urlTemplate":"https:\/\/imprimepopulaire.fr\/?s={search_term_string}"},"query-input":{"@type":"PropertyValueSpecification","valueRequired":true,"valueName":"search_term_string"}}],"inLanguage":"fr-FR"},{"@type":"Organization","@id":"https:\/\/imprimepopulaire.fr\/#organization","name":"Les amis de l&#039;Imprim\u00e9 Populaire","url":"https:\/\/imprimepopulaire.fr\/","logo":{"@type":"ImageObject","inLanguage":"fr-FR","@id":"https:\/\/imprimepopulaire.fr\/#\/schema\/logo\/image\/","url":"http:\/\/imprimepopulaire.fr\/wp-content\/uploads\/2019\/12\/cropped-logo4_av_slogan-1.png","contentUrl":"http:\/\/imprimepopulaire.fr\/wp-content\/uploads\/2019\/12\/cropped-logo4_av_slogan-1.png","width":1008,"height":400,"caption":"Les amis de l&#039;Imprim\u00e9 Populaire"},"image":{"@id":"https:\/\/imprimepopulaire.fr\/#\/schema\/logo\/image\/"}}]}},"jetpack_sharing_enabled":true,"_links":{"self":[{"href":"http:\/\/imprimepopulaire.fr\/index.php?rest_route=\/wp\/v2\/pages\/1497","targetHints":{"allow":["GET"]}}],"collection":[{"href":"http:\/\/imprimepopulaire.fr\/index.php?rest_route=\/wp\/v2\/pages"}],"about":[{"href":"http:\/\/imprimepopulaire.fr\/index.php?rest_route=\/wp\/v2\/types\/page"}],"author":[{"embeddable":true,"href":"http:\/\/imprimepopulaire.fr\/index.php?rest_route=\/wp\/v2\/users\/1"}],"replies":[{"embeddable":true,"href":"http:\/\/imprimepopulaire.fr\/index.php?rest_route=%2Fwp%2Fv2%2Fcomments&post=1497"}],"version-history":[{"count":4,"href":"http:\/\/imprimepopulaire.fr\/index.php?rest_route=\/wp\/v2\/pages\/1497\/revisions"}],"predecessor-version":[{"id":1543,"href":"http:\/\/imprimepopulaire.fr\/index.php?rest_route=\/wp\/v2\/pages\/1497\/revisions\/1543"}],"wp:attachment":[{"href":"http:\/\/imprimepopulaire.fr\/index.php?rest_route=%2Fwp%2Fv2%2Fmedia&parent=1497"}],"curies":[{"name":"wp","href":"https:\/\/api.w.org\/{rel}","templated":true}]}}